 factor of 14 and 28.
14
What is the greatest common divisor of 345 and 45?
15
Calculate the highest common factor of 387 and 468.
9
What is the greatest common factor of 412 and 74572?
412
Calculate the greatest common divisor of 360 and 375.
15
What is the greatest common factor of 60 and 78180?
60
Calculate the highest common factor of 13 and 247.
13
Calculate the highest common divisor of 204 and 2380.
68
Calculate the greatest common divisor of 16 and 11896.
8
What is the highest common divisor of 1281 and 399?
21
Calculate the highest common factor of 12 and 1740.
12
Calculate the greatest common factor of 77 and 56.
7
Calculate the highest common divisor of 828 and 92.
92
What is the greatest common divisor of 357 and 459?
51
What is the highest common factor of 18 and 246?
6
Calculate the highest common divisor of 16 and 3896.
8
Calculate the greatest common divisor of 1335 and 24.
3
Calculate the greatest common factor of 26 and 13117.
13
Calculate the highest common divisor of 1247 and 43.
43
What is the greatest common divisor of 1248 and 30?
6
What is the highest common factor of 2249 and 26?
13
What is the highest common divisor of 28 and 3836?
28
What is the greatest common factor of 55 and 1815?
55
Calculate the greatest common divisor of 50740 and 885.
295
What is the greatest common factor of 1189 and 41?
41
Calculate the greatest common divisor of 6 and 7488.
6
Calculate the greatest common divisor of 52 and 5005.
13
What is the greatest common factor of 682 and 88?
22
What is the greatest common factor of 915 and 15?
15
Calculate the highest common divisor of 121 and 33.
11
What is the greatest common divisor of 60 and 820?
20
What is the highest common divisor of 183 and 6?
3
Calculate the highest common divisor of 62 and 3782.
62
What is the greatest common divisor of 18 and 21?
3
Calculate the highest common divisor of 1254 and 110.
22
Calculate the greatest common factor of 1233 and 90.
9
Calculate the highest common factor of 336 and 144.
48
Calculate the highest common factor of 51 and 4301.
17
Calculate the highest common divisor of 85624 and 154.
154
Calculate the highest common divisor of 833 and 35.
7
Calculate the greatest common divisor of 784 and 8848.
112
Calculate the greatest common factor of 39 and 1222.
13
Calculate the greatest common divisor of 194 and 97.
97
What is the highest common divisor of 1023 and 33?
33
What is the greatest common factor of 345 and 265?
5
What is the greatest common divisor of 481 and 39?
13
Calculate the highest common factor of 170 and 561.
17
What is the highest common factor of 9348 and 608?
76
What is the highest common factor of 36 and 48?
12
Calculate the highest common factor of 2656 and 64.
32
What is the highest common factor of 9 and 201?
3
What is the greatest common divisor of 3 and 669?
3
What is the highest common factor of 16589 and 313?
313
What is the highest common divisor of 1679 and 69?
23
What is the highest common factor of 1120 and 2912?
224
Calculate the highest common divisor of 6 and 6.
6
What is the greatest common factor of 1782 and 110?
22
What is the highest common divisor of 58 and 754?
58
Calculate the greatest common divisor of 100 and 1220.
20
Calculate the greatest common divisor of 2506 and 630.
14
What is the highest common factor of 112 and 14?
14
What is the greatest common factor of 833 and 68?
17
What is the greatest common divisor of 800 and 32?
32
What is the highest common factor of 28 and 1792?
28
Calculate the highest common divisor of 285 and 95.
95
Calculate the highest common divisor of 156 and 2054.
26
What is the highest common factor of 2320 and 16?
16
Calculate the greatest common factor of 37 and 5069.
37
What is the highest common factor of 5352 and 24?
24
What is the highest common divisor of 1023 and 99?
33
What is the greatest common divisor of 354 and 22066?
118
Calculate the highest common divisor of 3887 and 676.
169
Calculate the highest common factor of 903 and 15953.
301
Calculate the highest common factor of 21348 and 12.
12
What is the greatest common factor of 81 and 9?
9
Calculate the greatest common factor of 54 and 7830.
54
What is the greatest common divisor of 291 and 11737?
97
What is the highest common factor of 2 and 6?
2
Calculate the greatest common factor of 165 and 120.
15
What is the highest common factor of 50 and 6680?
10
What is the greatest common factor of 10 and 1355?
5
Calculate the greatest common divisor of 221 and 85.
17
What is the highest common factor of 23407 and 789?
263
Calculate the greatest common divisor of 36 and 18.
18
Calculate the greatest common divisor of 46 and 4853.
23
Calculate the greatest common factor of 5 and 60.
5
What is the greatest common factor of 14 and 42?
14
Calculate the highest common factor of 104 and 6136.
104
What is the highest common divisor of 108 and 90?
18
Calculate the greatest common divisor of 6802 and 95.
19
What is the greatest common factor of 106 and 2650?
106
What is the greatest common factor of 53 and 4?
1
What is the highest common divisor of 114 and 6?
6
Calculate the highest common factor of 7 and 36.
1
Calculate the highest common divisor of 4 and 15.
1
What is the highest common factor of 2912 and 234?
26
Calculate the greatest common divisor of 2 and 128.
2
What is the greatest common factor of 164 and 20?
4
What is the greatest common divisor of 17 and 425?
17
What is the highest common factor of 266 and 14?
14
Calculate the highest common divisor of 25 and 100.
25
What is the highest common divisor of 147 and 35?
7
What is the greatest common factor of 30400 and 100?
100
What is the highest common divisor of 1971 and 511?
73
Calculate the highest common factor of 2844 and 288.
36
What is the highest common factor of 5568 and 6?
6
What is the greatest common factor of 2152 and 8?
8
What is the highest common factor of 14283 and 27?
27
Calculate the greatest common divisor of 1221 and 66.
33
What is the highest common divisor of 2537 and 559?
43
What is the highest common factor of 4387 and 164?
41
What is the highest common factor of 2 and 221?
1
What is the greatest common factor of 1870 and 204?
34
Calculate the highest common factor of 42 and 48.
6
Calculate the greatest common factor of 3861 and 13.
13
What is the highest common factor of 54 and 19?
1
Calculate the highest common factor of 8 and 318.
2
What is the greatest common divisor of 12 and 516?
12
Calculate the greatest common divisor of 144 and 2904.
24
Calculate the highest common factor of 1225 and 25.
25
Calculate the greatest common factor of 64 and 72.
8
What is the greatest common divisor of 792 and 72?
72
What is the highest common factor of 16 and 42960?
16
Calculate the greatest common factor of 171 and 36.
9
What is the greatest common factor of 1099 and 21?
7
Calculate the highest common factor of 14 and 70.
14
What is the greatest common divisor of 40 and 8160?
40
What is the greatest common factor of 1288 and 68?
4
Calculate the greatest common factor of 633 and 3.
3
What is the greatest common factor of 1488 and 840?
24
Calculate the greatest common divisor of 396 and 352.
44
What is the highest common factor of 26 and 1391?
13
What is the greatest common factor of 175 and 925?
25
Calculate the highest common factor of 143 and 13.
13
What is the highest common divisor of 36 and 5157?
9
What is the highest common factor of 624 and 528?
48
What is the greatest common factor of 176 and 154?
22
Calculate the highest common divisor of 32 and 2656.
32
Calculate the greatest common factor of 1272 and 72.
24
What is the highest common divisor of 255 and 180?
15
What is the greatest common factor of 47 and 47?
47
Calculate the greatest common factor of 198 and 330.
66
Calculate the greatest common factor of 42 and 5082.
42
Calculate the greatest common divisor of 4 and 88.
4
What is the greatest common factor of 515 and 4326?
103
Calculate the greatest common factor of 228 and 399.
57
What is the highest common factor of 3871 and 79?
79
Calculate the highest common divisor of 336 and 4176.
48
What is the highest common factor of 54 and 4266?
54
What is the highest common divisor of 567 and 7?
7
What is the greatest common divisor of 90 and 2130?
30
What is the g